{"id":577,"date":"2014-10-21T18:19:04","date_gmt":"2014-10-21T18:19:04","guid":{"rendered":"http:\/\/www.friedrich-spee-realschule-plus.de\/?page_id=577"},"modified":"2026-03-20T10:55:12","modified_gmt":"2026-03-20T09:55:12","slug":"verkehrsbetriebe","status":"publish","type":"page","link":"https:\/\/www.friedrich-spee-realschule-plus.de\/?page_id=577","title":{"rendered":"Verkehrsbetriebe"},"content":{"rendered":"\n<hr class=\"wp-block-separator has-css-opacity\"\/>\n\n\n\n<p>Meldungen aller Verkehrsunternehmen zu witterungsbedingten Einschr\u00e4nkungen findet man auf der Webseite des VRT unter:<\/p>\n\n\n<a class=\"maxbutton-2 maxbutton maxbutton-link\" target=\"_blank\" title=\"VRT - Verkehrsverbund Region Trier - Fahrplanauskunft\" rel=\"nofollow noopener\" href=\"https:\/\/www.vrt-info.de\/fahrplanauskunft\/XSLT_TRIP_REQUEST2?language=de&#038;itdLPxx_contractor=vrt\"><span class='mb-text'>VRT - Verkehrsverbund Region Trier - Fahrplanauskunft<\/span><\/a>\n\n\n\n<p><\/p>\n\n\n<a class=\"maxbutton-2 maxbutton maxbutton-link\" target=\"_blank\" title=\"VRT - Verkehrsverbund Region Trier - Infos \" rel=\"nofollow noopener\" href=\"https:\/\/www.vrt-info.de\"><span class='mb-text'>VRT - Verkehrsverbund Region Trier - Info <\/span><\/a>\n\n\n\n<p><\/p>\n\n\n<a class=\"maxbutton-2 maxbutton maxbutton-link\" target=\"_blank\" title=\"VRT - Verkehrsverbund Region Trier - Info \" rel=\"nofollow noopener\" href=\"https:\/\/www.vrt-info.de\/kontakt\/kontaktformular\"><span class='mb-text'>VRT - Verkehrsverbund Region Trier - Beschwerde, Fundsachen <\/span><\/a>\n\n\n\n<p><\/p>\n\n\n\n<hr class=\"wp-block-separator has-css-opacity\"\/>\n\n\n\n<p>Zus\u00e4tzlich werden Informationen zur Betriebslage im Linienverkehr der Moselbahn t\u00e4glich und aktuell \u00fcber folgenden Link zur Verf\u00fcgung gestellt:<\/p>\n\n\n\n<p><\/p>\n\n\n<a class=\"maxbutton-2 maxbutton maxbutton-link\" target=\"_blank\" rel=\"nofollow noopener\" href=\"https:\/\/www.moselbahn.de\/\"><span class='mb-text'>Moselbahn - Info<\/span><\/a>\n","protected":false},"excerpt":{"rendered":"<p>Meldungen aller Verkehrsunternehmen zu witterungsbedingten Einschr\u00e4nkungen findet man auf der Webseite des VRT unter: Zus\u00e4tzlich werden Informationen zur Betriebslage im Linienverkehr der Moselbahn t\u00e4glich und aktuell \u00fcber folgenden Link zur Verf\u00fcgung gestellt:<\/p>\n<p> <a class=\"continue-reading-link\" href=\"https:\/\/www.friedrich-spee-realschule-plus.de\/?page_id=577\"><span>Weiter lesen ?<\/span><i class=\"crycon-right-dir\"><\/i><\/a> <\/p>\n","protected":false},"author":1,"featured_media":0,"parent":465,"menu_order":0,"comment_status":"closed","ping_status":"closed","template":"templates\/template-twocolumns-right.php","meta":{"footnotes":""},"class_list":["post-577","page","type-page","status-publish","hentry"],"_links":{"self":[{"href":"https:\/\/www.friedrich-spee-realschule-plus.de\/index.php?rest_route=\/wp\/v2\/pages\/577","targetHints":{"allow":["GET"]}}],"collection":[{"href":"https:\/\/www.friedrich-spee-realschule-plus.de\/index.php?rest_route=\/wp\/v2\/pages"}],"about":[{"href":"https:\/\/www.friedrich-spee-realschule-plus.de\/index.php?rest_route=\/wp\/v2\/types\/page"}],"author":[{"embeddable":true,"href":"https:\/\/www.friedrich-spee-realschule-plus.de\/index.php?rest_route=\/wp\/v2\/users\/1"}],"replies":[{"embeddable":true,"href":"https:\/\/www.friedrich-spee-realschule-plus.de\/index.php?rest_route=%2Fwp%2Fv2%2Fcomments&post=577"}],"version-history":[{"count":26,"href":"https:\/\/www.friedrich-spee-realschule-plus.de\/index.php?rest_route=\/wp\/v2\/pages\/577\/revisions"}],"predecessor-version":[{"id":5502,"href":"https:\/\/www.friedrich-spee-realschule-plus.de\/index.php?rest_route=\/wp\/v2\/pages\/577\/revisions\/5502"}],"up":[{"embeddable":true,"href":"https:\/\/www.friedrich-spee-realschule-plus.de\/index.php?rest_route=\/wp\/v2\/pages\/465"}],"wp:attachment":[{"href":"https:\/\/www.friedrich-spee-realschule-plus.de\/index.php?rest_route=%2Fwp%2Fv2%2Fmedia&parent=577"}],"curies":[{"name":"wp","href":"https:\/\/api.w.org\/{rel}","templated":true}]}}

<hr class="wp-block-separator has-css-opacity"/>



<p>Meldungen aller Verkehrsunternehmen zu witterungsbedingten Einschränkungen findet man auf der Webseite des VRT unter:</p>


<a class="maxbutton-2 maxbutton maxbutton-link" target="_blank" title="VRT - Verkehrsverbund Region Trier - Fahrplanauskunft" rel="nofollow noopener" href="https://www.vrt-info.de/fahrplanauskunft/XSLT_TRIP_REQUEST2?language=de&#038;itdLPxx_contractor=vrt"><span class='mb-text'>VRT - Verkehrsverbund Region Trier - Fahrplanauskunft</span></a>



<p></p>


<a class="maxbutton-2 maxbutton maxbutton-link" target="_blank" title="VRT - Verkehrsverbund Region Trier - Infos " rel="nofollow noopener" href="https://www.vrt-info.de"><span class='mb-text'>VRT - Verkehrsverbund Region Trier - Info </span></a>



<p></p>


<a class="maxbutton-2 maxbutton maxbutton-link" target="_blank" title="VRT - Verkehrsverbund Region Trier - Info " rel="nofollow noopener" href="https://www.vrt-info.de/kontakt/kontaktformular"><span class='mb-text'>VRT - Verkehrsverbund Region Trier - Beschwerde, Fundsachen </span></a>



<p></p>



<hr class="wp-block-separator has-css-opacity"/>



<p>Zusätzlich werden Informationen zur Betriebslage im Linienverkehr der Moselbahn täglich und aktuell über folgenden Link zur Verfügung gestellt:</p>



<p></p>


<a class="maxbutton-2 maxbutton maxbutton-link" target="_blank" rel="nofollow noopener" href="https://www.moselbahn.de/"><span class='mb-text'>Moselbahn - Info</span></a>

<p>Meldungen aller Verkehrsunternehmen zu witterungsbedingten Einschränkungen findet man auf der Webseite des VRT unter: Zusätzlich werden Informationen zur Betriebslage im Linienverkehr der Moselbahn täglich und aktuell über folgenden Link zur Verfügung gestellt:</p>
<p> <a class="continue-reading-link" href="https://www.friedrich-spee-realschule-plus.de/?page_id=577"><span>Weiter lesen ?</span><i class="crycon-right-dir"></i></a> </p>
