{"id":4070,"date":"2022-03-21T10:09:52","date_gmt":"2022-03-21T09:09:52","guid":{"rendered":"https:\/\/www.friedrich-spee-realschule-plus.de\/?page_id=4070"},"modified":"2023-01-11T08:53:44","modified_gmt":"2023-01-11T07:53:44","slug":"ukraine-fsr-hilfsaktion","status":"publish","type":"page","link":"https:\/\/www.friedrich-spee-realschule-plus.de\/?page_id=4070","title":{"rendered":"Ukraine &#038; FSR+"},"content":{"rendered":"\n<hr class=\"wp-block-separator has-css-opacity is-style-wide\"\/>\n\n\n\n<h2 class=\"wp-block-heading\">ARD Mediathek mit Angebot f\u00fcr ukrainische Kinder<\/h2>\n\n\n\n<div class=\"wp-block-columns is-layout-flex wp-container-core-columns-is-layout-9d6595d7 wp-block-columns-is-layout-flex\">\n<div class=\"wp-block-column is-layout-flow wp-block-column-is-layout-flow\" style=\"flex-basis:33.33%\"><div class=\"wp-block-image\">\n<figure class=\"alignleft\" id=\"block-cd0ba338-53a4-4fc3-a608-1041eb1916ad\"><a href=\"https:\/\/www.ardmediathek.de\/kinderseite_fuer_ukrainische_fluechtlinge?isChildContent\" target=\"_blank\" rel=\"noopener\"><img decoding=\"async\" src=\"https:\/\/www.friedrich-spee-realschule-plus.de\/wp-content\/uploads\/2022\/03\/ARD-Ukraine.png\" alt=\"Dieses Bild hat ein leeres Alt-Attribut. Der Dateiname ist ARD-Ukraine.png\"\/><\/a><\/figure>\n<\/div><\/div>\n\n\n\n<div class=\"wp-block-column is-layout-flow wp-block-column-is-layout-flow\" style=\"flex-basis:66.66%\">\n<p id=\"block-b5cf3ca8-15ee-4a66-84e5-c5b880ee1b2e\">Die ARD Mediathek hat ihr Programm um Inhalte in ukrainischer Sprache erweitert und bietet ab sofort Videos f\u00fcr gefl\u00fcchtete Kinder an.<\/p>\n\n\n\n<p id=\"block-91d18831-c3b6-4ae3-9b40-c697eb1bbb4e\">In der ARD Mediathek gibt es nun einen Bereich mit Sendungen speziell f\u00fcr Kinder, die kein Deutsch spreche1.ard.de\/ukraine-kidsn, und mit Geschichten, die jedes Kind auf der Welt versteht: mit &#8222;Shaun das Schaf&#8220;, &#8222;Der kleine Maulwurf&#8220;, dem &#8222;Sandm\u00e4nnchen&#8220;, &#8222;Wisch &amp; Mop&#8220;, oder auch &#8222;Kiwi &amp; Strit&#8220;. Die Reihe &#8222;Deutsch lernen mit Socke&#8220; f\u00fchrt Kinder spielerisch in die deutsche Sprache ein &#8211; und dank einer frechen roten Socke gibt es dabei auch viel zu lachen.<\/p>\n\n\n\n<p id=\"block-3c884b9a-be63-42c0-ab50-82aede5a03ef\">&#8222;Wir m\u00f6chten mit diesem Angebot Kindern die Chance geben, wenigstens f\u00fcr eine gewisse Zeit den Alltag zu vergessen &#8211; mit Sendungen zum Lernen und Lachen&#8220;, so Klaus Brinkb\u00e4umer, ARD Koordinator Kinder und Familie.<\/p>\n\n\n\n<p id=\"block-94cd918c-d53f-489e-9652-acae4f8b99a7\">Das Angebot f\u00fcr ukrainische Kinder in der ARD Mediathek ist unter <em><a rel=\"noreferrer noopener\" href=\"https:\/\/www.ardmediathek.de\/kinderseite_fuer_ukrainische_fluechtlinge?isChildContent\" target=\"_blank\">1.ard.de\/ukraine-kids<\/a><\/em> zu finden und soll fortlaufend um neue Inhalte erg\u00e4nzt werden.<\/p>\n<\/div>\n<\/div>\n","protected":false},"excerpt":{"rendered":"<p>ARD Mediathek mit Angebot f\u00fcr ukrainische Kinder Die ARD Mediathek hat ihr Programm um Inhalte in ukrainischer Sprache erweitert und bietet ab sofort Videos f\u00fcr gefl\u00fcchtete Kinder an. In der ARD Mediathek gibt es nun einen Bereich mit Sendungen speziell f\u00fcr Kinder, die kein Deutsch spreche1.ard.de\/ukraine-kidsn, und mit Geschichten, die&#8230;<\/p>\n<p> <a class=\"continue-reading-link\" href=\"https:\/\/www.friedrich-spee-realschule-plus.de\/?page_id=4070\"><span>Weiter lesen ?<\/span><i class=\"crycon-right-dir\"><\/i><\/a> <\/p>\n","protected":false},"author":7,"featured_media":4085,"parent":3259,"menu_order":0,"comment_status":"closed","ping_status":"closed","template":"","meta":{"footnotes":""},"class_list":["post-4070","page","type-page","status-publish","has-post-thumbnail","hentry"],"_links":{"self":[{"href":"https:\/\/www.friedrich-spee-realschule-plus.de\/index.php?rest_route=\/wp\/v2\/pages\/4070","targetHints":{"allow":["GET"]}}],"collection":[{"href":"https:\/\/www.friedrich-spee-realschule-plus.de\/index.php?rest_route=\/wp\/v2\/pages"}],"about":[{"href":"https:\/\/www.friedrich-spee-realschule-plus.de\/index.php?rest_route=\/wp\/v2\/types\/page"}],"author":[{"embeddable":true,"href":"https:\/\/www.friedrich-spee-realschule-plus.de\/index.php?rest_route=\/wp\/v2\/users\/7"}],"replies":[{"embeddable":true,"href":"https:\/\/www.friedrich-spee-realschule-plus.de\/index.php?rest_route=%2Fwp%2Fv2%2Fcomments&post=4070"}],"version-history":[{"count":16,"href":"https:\/\/www.friedrich-spee-realschule-plus.de\/index.php?rest_route=\/wp\/v2\/pages\/4070\/revisions"}],"predecessor-version":[{"id":4515,"href":"https:\/\/www.friedrich-spee-realschule-plus.de\/index.php?rest_route=\/wp\/v2\/pages\/4070\/revisions\/4515"}],"up":[{"embeddable":true,"href":"https:\/\/www.friedrich-spee-realschule-plus.de\/index.php?rest_route=\/wp\/v2\/pages\/3259"}],"wp:featuredmedia":[{"embeddable":true,"href":"https:\/\/www.friedrich-spee-realschule-plus.de\/index.php?rest_route=\/wp\/v2\/media\/4085"}],"wp:attachment":[{"href":"https:\/\/www.friedrich-spee-realschule-plus.de\/index.php?rest_route=%2Fwp%2Fv2%2Fmedia&parent=4070"}],"curies":[{"name":"wp","href":"https:\/\/api.w.org\/{rel}","templated":true}]}}