{"id":378,"date":"2014-10-20T22:32:04","date_gmt":"2014-10-20T22:32:04","guid":{"rendered":"http:\/\/fsr.holgerschwab.de\/?page_id=378"},"modified":"2026-03-20T11:02:20","modified_gmt":"2026-03-20T10:02:20","slug":"schulelternbeirat","status":"publish","type":"page","link":"https:\/\/www.friedrich-spee-realschule-plus.de\/?page_id=378","title":{"rendered":"Schulelternbeirat 2025\/2026 &#8211; 2026\/2027"},"content":{"rendered":"\n<hr class=\"wp-block-separator has-css-opacity\"\/>\n\n\n\n<h3 class=\"wp-block-heading\"><strong>Schulelternsprecherin:  Susanne Thielges (9a<\/strong>), Hetzerath<\/h3>\n\n\n\n<p><\/p>\n\n\n\n<h3 class=\"wp-block-heading\"><strong>1. Vertreter:<\/strong> <strong>Dominik Schu<\/strong> (5b), K\u00f6werich<\/h3>\n\n\n\n<p><\/p>\n\n\n\n<h3 class=\"wp-block-heading\"><br><strong><br><\/strong>weitere Mitglieder:<\/h3>\n\n\n\n<ul class=\"wp-block-list has-medium-font-size\">\n<li>Helene Dau (10a), Kl\u00fcsserath<\/li>\n\n\n\n<li>Bianca Lex (7b, 8a), Kl\u00fcsserath<\/li>\n\n\n\n<li>Roland Loch (9b), Lieser<\/li>\n\n\n\n<li>Ulrike L\u00f6hfelm (7a), Veldenz<\/li>\n\n\n\n<li>Kathrin Metzen (9a), Wintrich<\/li>\n\n\n\n<li>Andrea Thielen (5a), Neumagen-Dhron<\/li>\n<\/ul>\n\n\n\n<p><strong>Sie erreichen uns unter<\/strong>:&nbsp; <a href=\"&#x6d;&#x61;&#105;&#108;to&#x3a;&#x65;&#x6c;&#116;er&#x6e;&#x40;&#x72;&#115;&#45;n&#x65;&#x75;&#x6d;&#97;&#103;e&#x6e;&#x2e;&#x64;&#101;\">&#x45;&#x6c;&#x74;&#x65;&#x72;&#x6e;&#x40;&#x52;&#x53;&#x2d;&#x4e;&#x65;&#x75;&#x6d;&#97;&#103;&#101;&#110;&#46;&#100;&#101;<\/a><\/p>\n\n\n<a class=\"maxbutton-2 maxbutton maxbutton-link\" target=\"_blank\" title=\"Link zu Seite des Landeselternbeirats\" rel=\"nofollow noopener\" href=\"https:\/\/bildung.rlp.de\/leb\/\"><span class='mb-text'>Link zu Seite des Landeselternbeirats<\/span><\/a>\n\n\n\n<hr class=\"wp-block-separator has-css-opacity\"\/>\n\n\n\n<h2 class=\"wp-block-heading\">Aufgaben des Schulelternbeirats (SEB)<\/h2>\n\n\n\n<p>Der SEB vertritt die Eltern gegen\u00fcber der Schule, der Schulaufsicht und der \u00d6ffentlichkeit. Er soll die Erziehungs- und Unterrichtsarbeit der Schule f\u00f6rdern und mitgestalten. Das Schulgesetz sieht drei Formen der Mitwirkung des SEB vor: <strong>Anh\u00f6ren: <\/strong>(Stellungnahme des SEB) <strong>Benehmen: <\/strong>(Austausch von Argumenten; Entscheidung durch die Schulleitung) <strong>Zustimmung:&nbsp;<\/strong>(gemeinsame Entscheidung von SEB und Schulleitung)<\/p>\n\n\n\n<h3 class=\"wp-block-heading\">Informationspflicht der Schule<\/h3>\n\n\n\n<p>Die Schulleitung ist verpflichtet, den SEB \u00fcber alle Angelegenheiten zu informieren, die f\u00fcr das Schulleben bedeutsam sind und Gesetzes- und Verordnungstexte zur Verf\u00fcgung zu stellen.<\/p>\n\n\n\n<h3 class=\"wp-block-heading\">Wahl und Zusammensetzung des SEB<\/h3>\n\n\n\n<p>Schulelternbeir\u00e4te werden in allen Schulen gebildet, sofern sie nicht ausschlie\u00dflich von vollj\u00e4hrigen Sch\u00fclerinnen und Sch\u00fclern besucht werden. Die Amtszeit des SEB betr\u00e4gt zwei Jahre und endet mit der Konstituierung des neuen SEB. Ein Mitglied des SEB scheidet aus seinem Amt aus, wenn es kein Kind mehr an der betreffenden Schule hat oder wenn es von seinem Amt zur\u00fccktritt. In diesen F\u00e4llen r\u00fcckt die Stellvertreterin oder der Stellvertreter mit der h\u00f6chsten Stimmenzahl nach.<\/p>\n\n\n\n<h3 class=\"wp-block-heading\">Verfahrensweise des SEB<\/h3>\n\n\n\n<p>Der SEB tagt in nicht-\u00f6ffentlicher Sitzung, kann jedoch G\u00e4ste einladen. Die Schulleiterin oder der Schulleiter nimmt \u2013 bis auf Ausnahmef\u00e4lle \u2013 grunds\u00e4tzlich an den Sitzungen teil. Die Beratungen des SEB unterliegen nicht der Verschwiegenheit. \u00dcber Angelegenheiten, die einer vertraulichen Behandlung bed\u00fcrfen, ist Stillschweigen zu bewahren. Die Sitzungen werden protokolliert.<\/p>\n\n\n\n<h3 class=\"wp-block-heading\">Schulelternsprecherin und Schulelternsprecher<\/h3>\n\n\n\n<p>Der SEB w\u00e4hlt die Schulelternsprecherin oder den Schulelternsprecher und deren Stellvertreterin oder Stellvertreter f\u00fcr zwei Jahre. Sie k\u00f6nnen durch f\u00f6rmlichen Beschluss des SEB abgew\u00e4hlt werden und scheiden damit aus ihrem Amt aus.<\/p>\n\n\n\n<h3 class=\"wp-block-heading\">Aufgaben der Schulelternsprecherin oder des Schulelternsprechers<\/h3>\n\n\n\n<p>Die Schulelternsprecherin oder der Schulelternsprecher l\u00e4dt nach Bedarf zu den Sitzungen des SEB ein. Im Schuljahr m\u00fcssen mindestens zwei Sitzungen stattfinden. In der Regel tagt der SEB monatlich. Die Schulelternsprecherin oder der Schulelternsprecher stimmt einen Termin mit der Schulleitung ab, bespricht mit ihr die Tagesordnung und f\u00fcgt deren Beitr\u00e4ge ein.<\/p>\n\n\n\n<h6 class=\"wp-block-heading\">Quelle: MBWWK<\/h6>\n","protected":false},"excerpt":{"rendered":"<p>Schulelternsprecherin: Susanne Thielges (9a), Hetzerath 1. Vertreter: Dominik Schu (5b), K\u00f6werich weitere Mitglieder: Sie erreichen uns unter:&nbsp; &#x45;&#108;&#x74;&#x65;r&#x6e;&#64;R&#x53;&#45;N&#x65;&#117;&#x6d;&#x61;g&#x65;&#110;&#46;&#x64;&#101; Aufgaben des Schulelternbeirats (SEB) Der SEB vertritt die Eltern gegen\u00fcber der Schule, der Schulaufsicht und der \u00d6ffentlichkeit. Er soll die Erziehungs- und Unterrichtsarbeit der Schule f\u00f6rdern und mitgestalten. Das Schulgesetz sieht drei&#8230;<\/p>\n<p> <a class=\"continue-reading-link\" href=\"https:\/\/www.friedrich-spee-realschule-plus.de\/?page_id=378\"><span>Weiter lesen ?<\/span><i class=\"crycon-right-dir\"><\/i><\/a> <\/p>\n","protected":false},"author":1,"featured_media":0,"parent":459,"menu_order":0,"comment_status":"closed","ping_status":"closed","template":"","meta":{"footnotes":""},"class_list":["post-378","page","type-page","status-publish","hentry"],"_links":{"self":[{"href":"https:\/\/www.friedrich-spee-realschule-plus.de\/index.php?rest_route=\/wp\/v2\/pages\/378","targetHints":{"allow":["GET"]}}],"collection":[{"href":"https:\/\/www.friedrich-spee-realschule-plus.de\/index.php?rest_route=\/wp\/v2\/pages"}],"about":[{"href":"https:\/\/www.friedrich-spee-realschule-plus.de\/index.php?rest_route=\/wp\/v2\/types\/page"}],"author":[{"embeddable":true,"href":"https:\/\/www.friedrich-spee-realschule-plus.de\/index.php?rest_route=\/wp\/v2\/users\/1"}],"replies":[{"embeddable":true,"href":"https:\/\/www.friedrich-spee-realschule-plus.de\/index.php?rest_route=%2Fwp%2Fv2%2Fcomments&post=378"}],"version-history":[{"count":45,"href":"https:\/\/www.friedrich-spee-realschule-plus.de\/index.php?rest_route=\/wp\/v2\/pages\/378\/revisions"}],"predecessor-version":[{"id":5503,"href":"https:\/\/www.friedrich-spee-realschule-plus.de\/index.php?rest_route=\/wp\/v2\/pages\/378\/revisions\/5503"}],"up":[{"embeddable":true,"href":"https:\/\/www.friedrich-spee-realschule-plus.de\/index.php?rest_route=\/wp\/v2\/pages\/459"}],"wp:attachment":[{"href":"https:\/\/www.friedrich-spee-realschule-plus.de\/index.php?rest_route=%2Fwp%2Fv2%2Fmedia&parent=378"}],"curies":[{"name":"wp","href":"https:\/\/api.w.org\/{rel}","templated":true}]}}

<hr class="wp-block-separator has-css-opacity"/>



<h3 class="wp-block-heading"><strong>Schulelternsprecherin:  Susanne Thielges (9a</strong>), Hetzerath</h3>



<p></p>



<h3 class="wp-block-heading"><strong>1. Vertreter:</strong> <strong>Dominik Schu</strong> (5b), Köwerich</h3>



<p></p>



<h3 class="wp-block-heading"><br><strong><br></strong>weitere Mitglieder:</h3>



<ul class="wp-block-list has-medium-font-size">
<li>Helene Dau (10a), Klüsserath</li>



<li>Bianca Lex (7b, 8a), Klüsserath</li>



<li>Roland Loch (9b), Lieser</li>



<li>Ulrike Löhfelm (7a), Veldenz</li>



<li>Kathrin Metzen (9a), Wintrich</li>



<li>Andrea Thielen (5a), Neumagen-Dhron</li>
</ul>



<p><strong>Sie erreichen uns unter</strong>:&nbsp; <a href="&#x6d;&#x61;&#105;&#108;to&#x3a;&#x65;&#x6c;&#116;er&#x6e;&#x40;&#x72;&#115;&#45;n&#x65;&#x75;&#x6d;&#97;&#103;e&#x6e;&#x2e;&#x64;&#101;">&#x45;&#x6c;&#x74;&#x65;&#x72;&#x6e;&#x40;&#x52;&#x53;&#x2d;&#x4e;&#x65;&#x75;&#x6d;&#97;&#103;&#101;&#110;&#46;&#100;&#101;</a></p>


<a class="maxbutton-2 maxbutton maxbutton-link" target="_blank" title="Link zu Seite des Landeselternbeirats" rel="nofollow noopener" href="https://bildung.rlp.de/leb/"><span class='mb-text'>Link zu Seite des Landeselternbeirats</span></a>



<hr class="wp-block-separator has-css-opacity"/>



<h2 class="wp-block-heading">Aufgaben des Schulelternbeirats (SEB)</h2>



<p>Der SEB vertritt die Eltern gegenüber der Schule, der Schulaufsicht und der Öffentlichkeit. Er soll die Erziehungs- und Unterrichtsarbeit der Schule fördern und mitgestalten. Das Schulgesetz sieht drei Formen der Mitwirkung des SEB vor: <strong>Anhören: </strong>(Stellungnahme des SEB) <strong>Benehmen: </strong>(Austausch von Argumenten; Entscheidung durch die Schulleitung) <strong>Zustimmung:&nbsp;</strong>(gemeinsame Entscheidung von SEB und Schulleitung)</p>



<h3 class="wp-block-heading">Informationspflicht der Schule</h3>



<p>Die Schulleitung ist verpflichtet, den SEB über alle Angelegenheiten zu informieren, die für das Schulleben bedeutsam sind und Gesetzes- und Verordnungstexte zur Verfügung zu stellen.</p>



<h3 class="wp-block-heading">Wahl und Zusammensetzung des SEB</h3>



<p>Schulelternbeiräte werden in allen Schulen gebildet, sofern sie nicht ausschließlich von volljährigen Schülerinnen und Schülern besucht werden. Die Amtszeit des SEB beträgt zwei Jahre und endet mit der Konstituierung des neuen SEB. Ein Mitglied des SEB scheidet aus seinem Amt aus, wenn es kein Kind mehr an der betreffenden Schule hat oder wenn es von seinem Amt zurücktritt. In diesen Fällen rückt die Stellvertreterin oder der Stellvertreter mit der höchsten Stimmenzahl nach.</p>



<h3 class="wp-block-heading">Verfahrensweise des SEB</h3>



<p>Der SEB tagt in nicht-öffentlicher Sitzung, kann jedoch Gäste einladen. Die Schulleiterin oder der Schulleiter nimmt – bis auf Ausnahmefälle – grundsätzlich an den Sitzungen teil. Die Beratungen des SEB unterliegen nicht der Verschwiegenheit. Über Angelegenheiten, die einer vertraulichen Behandlung bedürfen, ist Stillschweigen zu bewahren. Die Sitzungen werden protokolliert.</p>



<h3 class="wp-block-heading">Schulelternsprecherin und Schulelternsprecher</h3>



<p>Der SEB wählt die Schulelternsprecherin oder den Schulelternsprecher und deren Stellvertreterin oder Stellvertreter für zwei Jahre. Sie können durch förmlichen Beschluss des SEB abgewählt werden und scheiden damit aus ihrem Amt aus.</p>



<h3 class="wp-block-heading">Aufgaben der Schulelternsprecherin oder des Schulelternsprechers</h3>



<p>Die Schulelternsprecherin oder der Schulelternsprecher lädt nach Bedarf zu den Sitzungen des SEB ein. Im Schuljahr müssen mindestens zwei Sitzungen stattfinden. In der Regel tagt der SEB monatlich. Die Schulelternsprecherin oder der Schulelternsprecher stimmt einen Termin mit der Schulleitung ab, bespricht mit ihr die Tagesordnung und fügt deren Beiträge ein.</p>



<h6 class="wp-block-heading">Quelle: MBWWK</h6>

<p>Schulelternsprecherin: Susanne Thielges (9a), Hetzerath 1. Vertreter: Dominik Schu (5b), Köwerich weitere Mitglieder: Sie erreichen uns unter:&nbsp; &#x45;&#108;&#x74;&#x65;r&#x6e;&#64;R&#x53;&#45;N&#x65;&#117;&#x6d;&#x61;g&#x65;&#110;&#46;&#x64;&#101; Aufgaben des Schulelternbeirats (SEB) Der SEB vertritt die Eltern gegenüber der Schule, der Schulaufsicht und der Öffentlichkeit. Er soll die Erziehungs- und Unterrichtsarbeit der Schule fördern und mitgestalten. Das Schulgesetz sieht drei&#8230;</p>
<p> <a class="continue-reading-link" href="https://www.friedrich-spee-realschule-plus.de/?page_id=378"><span>Weiter lesen ?</span><i class="crycon-right-dir"></i></a> </p>
