{"id":29,"date":"2014-10-18T09:33:59","date_gmt":"2014-10-18T09:33:59","guid":{"rendered":"http:\/\/fsr.holgerschwab.de\/?page_id=29"},"modified":"2020-10-24T11:26:00","modified_gmt":"2020-10-24T11:26:00","slug":"realschule-plus","status":"publish","type":"page","link":"https:\/\/www.friedrich-spee-realschule-plus.de\/?page_id=29","title":{"rendered":"Realschule plus"},"content":{"rendered":"\n<h2 class=\"wp-block-heading\">Die kooperative Realschule plus<\/h2>\n\n\n\n<p>In der Kooperativen Realschule werden die Jugendlichen nach der gemeinsamen Orientierungsstufe in abschlussbezogenen Klassen unterrichtet. Dabei achten die Lehrkr\u00e4fte in jedem Schuljahr darauf, ob nicht Sch\u00fclerinnen und Sch\u00fcler in den Bildungsgang, der zum Sekundarabschluss I f\u00fchrt, wechseln k\u00f6nnen.<\/p>\n\n\n\n<p>In der Orientierungsstufe wird in der Realschule plus nach der gleichen Stundentafel wie im Gymnasium unterrichtet. Dies st\u00e4rkt die Durchl\u00e4ssigkeit zwischen den Schularten und damit die Aufstiegsm\u00f6glichkeiten der Sch\u00fclerInnen.<\/p>\n\n\n\n<h3 class=\"wp-block-heading\">Weitere Kennzeichen der Realschule plus:<\/h3>\n\n\n\n<ul class=\"wp-block-list\"><li>Bessere Aufstiegsm\u00f6glichkeiten<\/li><li>Mehr individuelle F\u00f6rderung<\/li><li>Mehr Praxis<\/li><li>Neue F\u00e4cher<\/li><li>Kleinere Klassen<\/li><li>An allen Realschulen plus wird die Zahl der Sch\u00fclerInnen in der Orientierungsstufe (Klassen 5 und 6) von bisher 30 auf 25 Sch\u00fclerInnen pro Klasse gesenkt. Die Lehrkr\u00e4fte k\u00f6nnen so in ihren Klassen sowohl auf lernst\u00e4rkere als auch auf lernschw\u00e4chere Jugendliche und deren individuelle Bed\u00fcrfnisse eingehen.<\/li><\/ul>\n\n\n\n<h3 class=\"wp-block-heading\"><span style=\"text-decoration: underline;\">Berufsorientierung<\/span><\/h3>\n\n\n\n<p>Die Zusammenarbeit mit Fachkr\u00e4ften aus der beruflichen Praxis geh\u00f6rt f\u00fcr viele der Vorg\u00e4ngerschulen der Realschule plus bereits seit langem zum Schulalltag.<br>Diese systematische Berufsorientierung wird auch in der Realschule plus kontinuierlich und intensiviert weitergef\u00fchrt und beginnt bereits mit dem Orientierungsangebot des Wahlpflichtfaches in der Klassenstufe 6.<\/p>\n\n\n\n<p>Eine Rahmenvereinbarung zur Berufswahlvorbereitung und Studienorientierung f\u00fcr alle Schularten wurde im Oktober 2009 zwischen dem Bildungs- sowie dem Arbeitsministerium, der Bundesagentur f\u00fcr Arbeit, der Handwerkskammer, der Industrie- und Handelskammer und den Wirtschaftsverb\u00e4nden geschlossen.<br>Mit dieser Rahmenvereinbarung wurde in Rheinland-Pfalz die Bedeutung der Berufsorientierung fr\u00fcher als in anderen L\u00e4ndern aufgegriffen und mit konkreten Vereinbarungen verbunden. Die Partnerinnen und Partner bekr\u00e4ftigen an dieser Stelle die vereinbarten Ziele und Ma\u00dfnahmen, die in den kommenden drei Jahren umgesetzt werden sollen.<\/p>\n\n\n\n<p>Die konkrete Umsetzung hat bereits begonnen: So ist an den Realschulen plus die Einf\u00fchrung eines Berufswahlportfolios f\u00fcr alle Sch\u00fclerInnen verpflichtend. An allen Realschulen plus steht eine Koordinatorin oder ein Koordinator f\u00fcr alle Ma\u00dfnahmen der Berufsorientierung als Ansprechpartnerin oder Ansprechpartner zur Verf\u00fcgung.<\/p>\n\n\n\n<h3 class=\"wp-block-heading\"><span style=\"text-decoration: underline;\">Wahlpflichtbereich<\/span><\/h3>\n\n\n\n<p>Der Wahlpflichtbereich gliedert sich in die F\u00e4cher Technik und Naturwissenschaften, Hauswirtschaft und Sozialwesen sowie Wirtschaft und Verwaltung. Alternativ kann ab der sechsten Klasse Franz\u00f6sisch als zweite Fremdsprache gew\u00e4hlt werden. Das Orientierungsangebot in Klassenstufe sechs, das einen Einblick in die Schwerpunkte, Arbeitsweisen und Inhalte der drei F\u00e4cher bietet, hilft den Sch\u00fclerinnen und Sch\u00fclern, sich f\u00fcr einen Lernbereich zu entscheiden.<br>Unterrichtsprinzip ist dabei, zusammen mit den jeweiligen Fachinhalten, Kompetenzen in den Bereichen Berufsorientierung, \u00d6konomische und Informatische Bildung zu vermitteln.<\/p>\n\n\n\n<h3 class=\"wp-block-heading\">Aufbau der Wahlpflichtfachangebote<\/h3>\n\n\n\n<p>An allen Realschulen plus gibt es einen neuen Wahlpflichtbereich, dessen Schwerpunkte die neuen F\u00e4cher Wirtschaft und Verwaltung (<strong>WuV<\/strong>), Hauswirtschaft und Sozialwesen (<strong>HuS<\/strong>), Technik und Naturwissenschaft (<strong>TuN<\/strong>) sowie daneben das Fach Franz\u00f6sisch sind.<\/p>\n\n\n\n<p>In einem Orientierungsangebot in der Klassenstufe 6 erhalten alle Sch\u00fclerInnen, die nicht das Fach Franz\u00f6sisch gew\u00e4hlt haben, einen ersten Einblick in die Schwerpunkte, Arbeitsweisen und fachlichen Inhalte der neuen F\u00e4cher. Anhand ausgew\u00e4hlter Projekte und Lerninhalte sollen sie in die Lage versetzt werden, sich auf der Grundlage ihrer Interessen, Neigungen und St\u00e4rken f\u00fcr eines der drei F\u00e4cher entscheiden zu k\u00f6nnen. Das ausgew\u00e4hlte Fach wird ab der Klassenstufe 7 bis zur Klassenstufe 10 mindestens zweist\u00fcndig je Schuljahr angeboten.<\/p>\n\n\n\n<p>Dar\u00fcber hinaus besteht die M\u00f6glichkeit Franz\u00f6sisch zu w\u00e4hlen. Franz\u00f6sisch wird durchg\u00e4ngig angeboten, um die Anschlussm\u00f6glichkeiten zu anderen Bildungswegen zu gew\u00e4hrleisten.<\/p>\n\n\n\n<h3 class=\"wp-block-heading\"><span style=\"text-decoration: underline;\">Unterrichtsprinzipien<\/span><\/h3>\n\n\n\n<p>Neben den fachlichen Inhalten werden in den neuen Wahlpflichtf\u00e4chern sowie in Franz\u00f6sisch grundlegende Kompetenzen in Informatischer Bildung, \u00d6konomischer Bildung und Berufsorientierung als Unterrichtsprinzipien vermittelt. Sie sind als Grundlage f\u00fcr die unterrichtliche Arbeit und weitere Qualifizierung aller Sch\u00fclerinnen und Sch\u00fcler hilfreich und notwendig.<\/p>\n\n\n\n<h6 class=\"wp-block-heading\">&nbsp;<\/h6>\n\n\n\n<h6 class=\"wp-block-heading\">Quelle: Homepage des Bildungsministeriums Rheinland-Pfalz<\/h6>\n\n\n\n<hr class=\"wp-block-separator\"\/>\n\n\n\n<h3 class=\"wp-block-heading\">Weitere&nbsp;Seiten unter dieser Rubrik<\/h3>\n\n\n<ul class=\"su-subpages\"><li class=\"page_item page-item-32\"><a href=\"https:\/\/www.friedrich-spee-realschule-plus.de\/?page_id=32\">F\u00f6rderung<\/a><\/li>\n<li class=\"page_item page-item-43\"><a href=\"https:\/\/www.friedrich-spee-realschule-plus.de\/?page_id=43\">Orientierungsstufe<\/a><\/li>\n<li class=\"page_item page-item-46\"><a href=\"https:\/\/www.friedrich-spee-realschule-plus.de\/?page_id=46\">Wahlpflichtf\u00e4cher<\/a><\/li>\n<\/ul>\n\n\n\n<p><\/p>\n","protected":false},"excerpt":{"rendered":"<p>Die kooperative Realschule plus In der Kooperativen Realschule werden die Jugendlichen nach der gemeinsamen Orientierungsstufe in abschlussbezogenen Klassen unterrichtet. Dabei achten die Lehrkr\u00e4fte in jedem Schuljahr darauf, ob nicht Sch\u00fclerinnen und Sch\u00fcler in den Bildungsgang, der zum Sekundarabschluss I f\u00fchrt, wechseln k\u00f6nnen. In der Orientierungsstufe wird in der Realschule plus&#8230;<\/p>\n<p> <a class=\"continue-reading-link\" href=\"https:\/\/www.friedrich-spee-realschule-plus.de\/?page_id=29\"><span>Weiter lesen ?<\/span><i class=\"crycon-right-dir\"><\/i><\/a> <\/p>\n","protected":false},"author":1,"featured_media":0,"parent":0,"menu_order":0,"comment_status":"closed","ping_status":"closed","template":"","meta":{"footnotes":""},"class_list":["post-29","page","type-page","status-publish","hentry"],"_links":{"self":[{"href":"https:\/\/www.friedrich-spee-realschule-plus.de\/index.php?rest_route=\/wp\/v2\/pages\/29","targetHints":{"allow":["GET"]}}],"collection":[{"href":"https:\/\/www.friedrich-spee-realschule-plus.de\/index.php?rest_route=\/wp\/v2\/pages"}],"about":[{"href":"https:\/\/www.friedrich-spee-realschule-plus.de\/index.php?rest_route=\/wp\/v2\/types\/page"}],"author":[{"embeddable":true,"href":"https:\/\/www.friedrich-spee-realschule-plus.de\/index.php?rest_route=\/wp\/v2\/users\/1"}],"replies":[{"embeddable":true,"href":"https:\/\/www.friedrich-spee-realschule-plus.de\/index.php?rest_route=%2Fwp%2Fv2%2Fcomments&post=29"}],"version-history":[{"count":7,"href":"https:\/\/www.friedrich-spee-realschule-plus.de\/index.php?rest_route=\/wp\/v2\/pages\/29\/revisions"}],"predecessor-version":[{"id":3537,"href":"https:\/\/www.friedrich-spee-realschule-plus.de\/index.php?rest_route=\/wp\/v2\/pages\/29\/revisions\/3537"}],"wp:attachment":[{"href":"https:\/\/www.friedrich-spee-realschule-plus.de\/index.php?rest_route=%2Fwp%2Fv2%2Fmedia&parent=29"}],"curies":[{"name":"wp","href":"https:\/\/api.w.org\/{rel}","templated":true}]}}

<h2 class="wp-block-heading">Die kooperative Realschule plus</h2>



<p>In der Kooperativen Realschule werden die Jugendlichen nach der gemeinsamen Orientierungsstufe in abschlussbezogenen Klassen unterrichtet. Dabei achten die Lehrkräfte in jedem Schuljahr darauf, ob nicht Schülerinnen und Schüler in den Bildungsgang, der zum Sekundarabschluss I führt, wechseln können.</p>



<p>In der Orientierungsstufe wird in der Realschule plus nach der gleichen Stundentafel wie im Gymnasium unterrichtet. Dies stärkt die Durchlässigkeit zwischen den Schularten und damit die Aufstiegsmöglichkeiten der SchülerInnen.</p>



<h3 class="wp-block-heading">Weitere Kennzeichen der Realschule plus:</h3>



<ul class="wp-block-list"><li>Bessere Aufstiegsmöglichkeiten</li><li>Mehr individuelle Förderung</li><li>Mehr Praxis</li><li>Neue Fächer</li><li>Kleinere Klassen</li><li>An allen Realschulen plus wird die Zahl der SchülerInnen in der Orientierungsstufe (Klassen 5 und 6) von bisher 30 auf 25 SchülerInnen pro Klasse gesenkt. Die Lehrkräfte können so in ihren Klassen sowohl auf lernstärkere als auch auf lernschwächere Jugendliche und deren individuelle Bedürfnisse eingehen.</li></ul>



<h3 class="wp-block-heading"><span style="text-decoration: underline;">Berufsorientierung</span></h3>



<p>Die Zusammenarbeit mit Fachkräften aus der beruflichen Praxis gehört für viele der Vorgängerschulen der Realschule plus bereits seit langem zum Schulalltag.<br>Diese systematische Berufsorientierung wird auch in der Realschule plus kontinuierlich und intensiviert weitergeführt und beginnt bereits mit dem Orientierungsangebot des Wahlpflichtfaches in der Klassenstufe 6.</p>



<p>Eine Rahmenvereinbarung zur Berufswahlvorbereitung und Studienorientierung für alle Schularten wurde im Oktober 2009 zwischen dem Bildungs- sowie dem Arbeitsministerium, der Bundesagentur für Arbeit, der Handwerkskammer, der Industrie- und Handelskammer und den Wirtschaftsverbänden geschlossen.<br>Mit dieser Rahmenvereinbarung wurde in Rheinland-Pfalz die Bedeutung der Berufsorientierung früher als in anderen Ländern aufgegriffen und mit konkreten Vereinbarungen verbunden. Die Partnerinnen und Partner bekräftigen an dieser Stelle die vereinbarten Ziele und Maßnahmen, die in den kommenden drei Jahren umgesetzt werden sollen.</p>



<p>Die konkrete Umsetzung hat bereits begonnen: So ist an den Realschulen plus die Einführung eines Berufswahlportfolios für alle SchülerInnen verpflichtend. An allen Realschulen plus steht eine Koordinatorin oder ein Koordinator für alle Maßnahmen der Berufsorientierung als Ansprechpartnerin oder Ansprechpartner zur Verfügung.</p>



<h3 class="wp-block-heading"><span style="text-decoration: underline;">Wahlpflichtbereich</span></h3>



<p>Der Wahlpflichtbereich gliedert sich in die Fächer Technik und Naturwissenschaften, Hauswirtschaft und Sozialwesen sowie Wirtschaft und Verwaltung. Alternativ kann ab der sechsten Klasse Französisch als zweite Fremdsprache gewählt werden. Das Orientierungsangebot in Klassenstufe sechs, das einen Einblick in die Schwerpunkte, Arbeitsweisen und Inhalte der drei Fächer bietet, hilft den Schülerinnen und Schülern, sich für einen Lernbereich zu entscheiden.<br>Unterrichtsprinzip ist dabei, zusammen mit den jeweiligen Fachinhalten, Kompetenzen in den Bereichen Berufsorientierung, Ökonomische und Informatische Bildung zu vermitteln.</p>



<h3 class="wp-block-heading">Aufbau der Wahlpflichtfachangebote</h3>



<p>An allen Realschulen plus gibt es einen neuen Wahlpflichtbereich, dessen Schwerpunkte die neuen Fächer Wirtschaft und Verwaltung (<strong>WuV</strong>), Hauswirtschaft und Sozialwesen (<strong>HuS</strong>), Technik und Naturwissenschaft (<strong>TuN</strong>) sowie daneben das Fach Französisch sind.</p>



<p>In einem Orientierungsangebot in der Klassenstufe 6 erhalten alle SchülerInnen, die nicht das Fach Französisch gewählt haben, einen ersten Einblick in die Schwerpunkte, Arbeitsweisen und fachlichen Inhalte der neuen Fächer. Anhand ausgewählter Projekte und Lerninhalte sollen sie in die Lage versetzt werden, sich auf der Grundlage ihrer Interessen, Neigungen und Stärken für eines der drei Fächer entscheiden zu können. Das ausgewählte Fach wird ab der Klassenstufe 7 bis zur Klassenstufe 10 mindestens zweistündig je Schuljahr angeboten.</p>



<p>Darüber hinaus besteht die Möglichkeit Französisch zu wählen. Französisch wird durchgängig angeboten, um die Anschlussmöglichkeiten zu anderen Bildungswegen zu gewährleisten.</p>



<h3 class="wp-block-heading"><span style="text-decoration: underline;">Unterrichtsprinzipien</span></h3>



<p>Neben den fachlichen Inhalten werden in den neuen Wahlpflichtfächern sowie in Französisch grundlegende Kompetenzen in Informatischer Bildung, Ökonomischer Bildung und Berufsorientierung als Unterrichtsprinzipien vermittelt. Sie sind als Grundlage für die unterrichtliche Arbeit und weitere Qualifizierung aller Schülerinnen und Schüler hilfreich und notwendig.</p>



<h6 class="wp-block-heading">&nbsp;</h6>



<h6 class="wp-block-heading">Quelle: Homepage des Bildungsministeriums Rheinland-Pfalz</h6>



<hr class="wp-block-separator"/>



<h3 class="wp-block-heading">Weitere&nbsp;Seiten unter dieser Rubrik</h3>


<ul class="su-subpages"><li class="page_item page-item-32"><a href="https://www.friedrich-spee-realschule-plus.de/?page_id=32">Förderung</a></li>
<li class="page_item page-item-43"><a href="https://www.friedrich-spee-realschule-plus.de/?page_id=43">Orientierungsstufe</a></li>
<li class="page_item page-item-46"><a href="https://www.friedrich-spee-realschule-plus.de/?page_id=46">Wahlpflichtfächer</a></li>
</ul>



<p></p>

<p>Die kooperative Realschule plus In der Kooperativen Realschule werden die Jugendlichen nach der gemeinsamen Orientierungsstufe in abschlussbezogenen Klassen unterrichtet. Dabei achten die Lehrkräfte in jedem Schuljahr darauf, ob nicht Schülerinnen und Schüler in den Bildungsgang, der zum Sekundarabschluss I führt, wechseln können. In der Orientierungsstufe wird in der Realschule plus&#8230;</p>
<p> <a class="continue-reading-link" href="https://www.friedrich-spee-realschule-plus.de/?page_id=29"><span>Weiter lesen ?</span><i class="crycon-right-dir"></i></a> </p>
