{"id":1471,"date":"2016-09-16T15:13:22","date_gmt":"2016-09-16T15:13:22","guid":{"rendered":"http:\/\/www.friedrich-spee-realschule-plus.de\/?page_id=1471"},"modified":"2026-03-20T10:52:56","modified_gmt":"2026-03-20T09:52:56","slug":"schliessfach-mieten","status":"publish","type":"page","link":"https:\/\/www.friedrich-spee-realschule-plus.de\/?page_id=1471","title":{"rendered":"Schlie\u00dffach mieten"},"content":{"rendered":"\n<p>Hier k\u00f6nnen Sie ein Schlie\u00dffach f\u00fcr ihr Kind mieten. Klicken Sie auf den Link und erfahren Sie, wie schnell Sie zu einem Schlie\u00dffach innerhalb unseres Schulgeb\u00e4udes kommen.<\/p>\n\n\n<a class=\"maxbutton-2 maxbutton maxbutton-link\" target=\"_blank\" title=\"Link zu AstraDirekt\" rel=\"nofollow noopener\" href=\"https:\/\/www.astradirect.de\/index.html?p=schueler\"><span class='mb-text'>Link zu AstraDirekt<\/span><\/a>\n\n\n\n<hr class=\"wp-block-separator has-css-opacity\"\/>\n\n\n\n<p>Unter folgendem Link kommst du direkt zum Serviceportal deines Schlie\u00dffaches.<\/p>\n\n\n<a class=\"maxbutton-2 maxbutton maxbutton-link\" target=\"_blank\" title=\"AstraDirekt Serviceportal\" rel=\"nofollow noopener\" href=\"https:\/\/www.astradirect.de\/anmelden\"><span class='mb-text'>AstraDirekt Serviceportal<\/span><\/a>\n","protected":false},"excerpt":{"rendered":"<p>Hier k\u00f6nnen Sie ein Schlie\u00dffach f\u00fcr ihr Kind mieten. Klicken Sie auf den Link und erfahren Sie, wie schnell Sie zu einem Schlie\u00dffach innerhalb unseres Schulgeb\u00e4udes kommen. Unter folgendem Link kommst du direkt zum Serviceportal deines Schlie\u00dffaches.<\/p>\n<p> <a class=\"continue-reading-link\" href=\"https:\/\/www.friedrich-spee-realschule-plus.de\/?page_id=1471\"><span>Weiter lesen ?<\/span><i class=\"crycon-right-dir\"><\/i><\/a> <\/p>\n","protected":false},"author":1,"featured_media":0,"parent":0,"menu_order":0,"comment_status":"closed","ping_status":"closed","template":"","meta":{"footnotes":""},"class_list":["post-1471","page","type-page","status-publish","hentry"],"_links":{"self":[{"href":"https:\/\/www.friedrich-spee-realschule-plus.de\/index.php?rest_route=\/wp\/v2\/pages\/1471","targetHints":{"allow":["GET"]}}],"collection":[{"href":"https:\/\/www.friedrich-spee-realschule-plus.de\/index.php?rest_route=\/wp\/v2\/pages"}],"about":[{"href":"https:\/\/www.friedrich-spee-realschule-plus.de\/index.php?rest_route=\/wp\/v2\/types\/page"}],"author":[{"embeddable":true,"href":"https:\/\/www.friedrich-spee-realschule-plus.de\/index.php?rest_route=\/wp\/v2\/users\/1"}],"replies":[{"embeddable":true,"href":"https:\/\/www.friedrich-spee-realschule-plus.de\/index.php?rest_route=%2Fwp%2Fv2%2Fcomments&post=1471"}],"version-history":[{"count":8,"href":"https:\/\/www.friedrich-spee-realschule-plus.de\/index.php?rest_route=\/wp\/v2\/pages\/1471\/revisions"}],"predecessor-version":[{"id":5501,"href":"https:\/\/www.friedrich-spee-realschule-plus.de\/index.php?rest_route=\/wp\/v2\/pages\/1471\/revisions\/5501"}],"wp:attachment":[{"href":"https:\/\/www.friedrich-spee-realschule-plus.de\/index.php?rest_route=%2Fwp%2Fv2%2Fmedia&parent=1471"}],"curies":[{"name":"wp","href":"https:\/\/api.w.org\/{rel}","templated":true}]}}

Schließfach mieten

<p>Hier können Sie ein Schließfach für ihr Kind mieten. Klicken Sie auf den Link und erfahren Sie, wie schnell Sie zu einem Schließfach innerhalb unseres Schulgebäudes kommen.</p>


<a class="maxbutton-2 maxbutton maxbutton-link" target="_blank" title="Link zu AstraDirekt" rel="nofollow noopener" href="https://www.astradirect.de/index.html?p=schueler"><span class='mb-text'>Link zu AstraDirekt</span></a>



<hr class="wp-block-separator has-css-opacity"/>



<p>Unter folgendem Link kommst du direkt zum Serviceportal deines Schließfaches.</p>


<a class="maxbutton-2 maxbutton maxbutton-link" target="_blank" title="AstraDirekt Serviceportal" rel="nofollow noopener" href="https://www.astradirect.de/anmelden"><span class='mb-text'>AstraDirekt Serviceportal</span></a>

<p>Hier können Sie ein Schließfach für ihr Kind mieten. Klicken Sie auf den Link und erfahren Sie, wie schnell Sie zu einem Schließfach innerhalb unseres Schulgebäudes kommen. Unter folgendem Link kommst du direkt zum Serviceportal deines Schließfaches.</p>
<p> <a class="continue-reading-link" href="https://www.friedrich-spee-realschule-plus.de/?page_id=1471"><span>Weiter lesen ?</span><i class="crycon-right-dir"></i></a> </p>
